{"id":25,"date":"2019-01-09T15:30:30","date_gmt":"2019-01-09T15:30:30","guid":{"rendered":"http:\/\/sisa.archaeological.science\/?page_id=25"},"modified":"2019-07-22T14:34:44","modified_gmt":"2019-07-22T13:34:44","slug":"sisa-2019","status":"publish","type":"page","link":"https:\/\/sisa.archaeological.science\/index.php\/sisa-2019\/","title":{"rendered":"SISA 2019"},"content":{"rendered":"\n<p>After the first The Swiss Alpine Archaeology Summer School 2018 took place at the <a href=\"http:\/\/bergbauprojekt.blogspot.com\/p\/suisse-international-summer-school-for.html\" target=\"_blank\" rel=\"noreferrer noopener\" aria-label=\"Oberhalbstein valley (opens in a new tab)\">Oberhalbstein valley<\/a>, the Universities of Bern and Zurich are organising the second Summer School 2019 together with the Archaeological Department of the Canton of Valais.<\/p>\n\n\n\n<p>The SISA in 2019 will be about Alpine landscapes, geology, mineralogy and ores, copper production, prospection &amp; excavation methods as well as social and economic systems in an Alpine area. It comprises invited keynotes for specific topics and teachings on methods, applications, and models. Lectures and practical fieldwork take place in one of the archaeologically most promising high alpine region of Switzerland, the Binntal Valley.<\/p>\n\n\n\n<h1>Program<\/h1>\n\n\n\n<p>06.-10.07.2019<\/p>\n\n\n\n<figure class=\"wp-block-image\"><img decoding=\"async\" loading=\"lazy\" width=\"776\" height=\"1024\" src=\"http:\/\/sisa.archaeological.science\/wp-content\/uploads\/2019\/07\/SISA_2019_program_Page_1-2-776x1024.jpg\" alt=\"\" class=\"wp-image-258\" srcset=\"https:\/\/sisa.archaeological.science\/wp-content\/uploads\/2019\/07\/SISA_2019_program_Page_1-2-776x1024.jpg 776w, https:\/\/sisa.archaeological.science\/wp-content\/uploads\/2019\/07\/SISA_2019_program_Page_1-2-227x300.jpg 227w, https:\/\/sisa.archaeological.science\/wp-content\/uploads\/2019\/07\/SISA_2019_program_Page_1-2-768x1014.jpg 768w, https:\/\/sisa.archaeological.science\/wp-content\/uploads\/2019\/07\/SISA_2019_program_Page_1-2-1200x1584.jpg 1200w, https:\/\/sisa.archaeological.science\/wp-content\/uploads\/2019\/07\/SISA_2019_program_Page_1-2-600x792.jpg 600w, https:\/\/sisa.archaeological.science\/wp-content\/uploads\/2019\/07\/SISA_2019_program_Page_1-2.jpg 1754w\" sizes=\"(max-width: 776px) 100vw, 776px\" \/><\/figure>\n\n\n\n<figure class=\"wp-block-image\"><img decoding=\"async\" loading=\"lazy\" width=\"724\" height=\"1024\" src=\"http:\/\/sisa.archaeological.science\/wp-content\/uploads\/2019\/07\/SISA_2019_program_Page_2-1-724x1024.jpg\" alt=\"\" class=\"wp-image-257\" srcset=\"https:\/\/sisa.archaeological.science\/wp-content\/uploads\/2019\/07\/SISA_2019_program_Page_2-1-724x1024.jpg 724w, https:\/\/sisa.archaeological.science\/wp-content\/uploads\/2019\/07\/SISA_2019_program_Page_2-1-212x300.jpg 212w, https:\/\/sisa.archaeological.science\/wp-content\/uploads\/2019\/07\/SISA_2019_program_Page_2-1-768x1086.jpg 768w, https:\/\/sisa.archaeological.science\/wp-content\/uploads\/2019\/07\/SISA_2019_program_Page_2-1-1200x1697.jpg 1200w, https:\/\/sisa.archaeological.science\/wp-content\/uploads\/2019\/07\/SISA_2019_program_Page_2-1-600x849.jpg 600w, https:\/\/sisa.archaeological.science\/wp-content\/uploads\/2019\/07\/SISA_2019_program_Page_2-1.jpg 1754w\" sizes=\"(max-width: 724px) 100vw, 724px\" \/><\/figure>\n\n\n\n<h2><strong>SAT 6 July<\/strong><\/h2>\n\n\n\n<p>Arrival of participants and lectures<\/p>\n\n\n\n<p>Accomondation in Binn\/Ernen<\/p>\n\n\n\n<h2 id=\"mce_7\"><strong>SUN 7 July<\/strong><\/h2>\n\n\n\n<h4>09:00 Workshop, part 1<\/h4>\n\n\n\n<p><strong>09:00-09:15<\/strong>&nbsp; R. Turck, M. Brunner, C. Heitz, Ph.\nDella Casa. <em>Introduction<\/em><\/p>\n\n\n\n<p><strong>09:15-10:00<\/strong> Natalia \u00c9g\u00fcez, CAUK (Micromorphology, Geochem. analysis).<em>The Geo-Ethnoarchaeology of pastoral herding in alpine deserthabitats<\/em><\/p>\n\n\n\n<p><strong>10:30-11:15<\/strong> Christoph Schw\u00f6rer, UBE (Palaeoecology) <em>Impact of prehistoric farming on the vegetation in the Swiss Alp<\/em><\/p>\n\n\n\n<p><strong><em>10:00-10:30<\/em><\/strong><em>&nbsp;\nCoffee Break<\/em><\/p>\n\n\n\n<p><strong>11:15-12:00<\/strong> Annek\u00e4thi Heitz, IPNA (Archaeobotany) <em>Vegetation &amp; Alpine farming in theBinntalfromtoday\u2019sperspective<\/em><\/p>\n\n\n\n<p><strong><em>12:00-13:30<\/em><\/strong><em> Lunch Break<\/em><br><\/p>\n\n\n\n<h4>13:30 Workshop, part 2<\/h4>\n\n\n\n<p><strong>13:30-14:15<\/strong> Rouven Turck, UZH (Archaeology). <em>Copper mining and smelting in the Oberhalbstein Valley (GR<\/em><\/p>\n\n\n\n<p><strong>14:15-15:00<\/strong> Manuel Andereggen, Caroline Heitz UBE (AG Prospektion). <em>The Binntal in (pre)historical times \u2013 What we know so far<\/em><\/p>\n\n\n\n<p>Guided tour of the archaeological and ethnographic collections at the\n Regionalmuseum Binn (and to sites located near Binn) by Caroline Heitz <a href=\"http:\/\/www.binn.ch\/gemeinde\/dorfleben\/regionalmuseum\">http:\/\/www.binn.ch\/gemeinde\/dorfleben\/regionalmuseum<\/a><\/p>\n\n\n\n<p><strong><em>19:30<\/em><\/strong><em>&nbsp;\nDinner at \u2018Restaurant <\/em><em>Albrun<\/em><em>\u2019, <\/em><em>Binn<\/em><\/p>\n\n\n\n<h2 id=\"mce_10\"><strong>MON 8 July<\/strong><\/h2>\n\n\n\n<h4>09:00 Workshop, part 3<\/h4>\n\n\n\n<p><strong>09:00-09:45<\/strong> Pierre-Yves Nicod, UGE L\u2019abri-sous-roche de la Grande Rivoire (Is\u00e8re, France): <em>nouvelles donn\u00e9es sur la n\u00e9olithisation et le d\u00e9veloppement de l\u2019\u00e9conomie pastorale dans les Alpes fran\u00e7aises du nord<\/em><\/p>\n\n\n\n<p><strong>09:45-10:30<\/strong> Brigitte Andres, ADB (Heritage) Alpine huts, livestock and cheese. <em>Remains of summer farming activities from medieval and modern times in the Bernese Alps (Switzerland<\/em><\/p>\n\n\n\n<p><em>10:30-11:00 Coffee Break<\/em><\/p>\n\n\n\n<p><strong>11:00-11:45<\/strong>&nbsp; Philippe Della Casa, UZH (Archaeology) <em>Landscape archaeological survey in mountain environments<\/em><\/p>\n\n\n\n<p><strong><em>11:45-14:00<\/em><\/strong><em> Lunch Break<\/em><\/p>\n\n\n\n<h4>14:00 Workshop, part 4<\/h4>\n\n\n\n<p><strong>14:00-14:45<\/strong> Mirco Brunner, UBE, Ing. Anja Buhlke, KGT (Archaeology). <em>\u201cGoldene Sonne\u201d reloaded. Historical&nbsp; sources and miningarchaeological investigation<\/em><\/p>\n\n\n\n<p><strong>14:45-15:30<\/strong>  Donat Fulda, ETHZ (Geology).<em>Geology of the Binn Valley<\/em><\/p>\n\n\n\n<p><strong>15:30-16:15&nbsp; <\/strong>Rouven Turck, UZH (Archaeology). <em>Public relations Mediating alpine archaeolog<\/em><\/p>\n\n\n\n<p><strong><em>19:30<\/em><\/strong><em>&nbsp;\nDinner at \u2018Restaurant <\/em><em>Albrun<\/em><em>\u2019, <\/em><em>Binn<\/em><\/p>\n\n\n\n<h2><strong>TUE 9 July<\/strong><br><\/h2>\n\n\n\n<p><strong>09:00 field trip \/  excursion<\/strong><\/p>\n\n\n\n<p><strong>9:00-17:00<\/strong>Mining\nand smelting sites in the Binntal and L\u00e4ngtal\nby P. Aeberhard<\/p>\n\n\n\n<p><strong>Meeting point: <\/strong>Parking Binn<\/p>\n\n\n\n<p>\nExcursions will be organized by R. Turck &amp;  P. Aeberhard.\n\n<\/p>\n\n\n\n<p>19:30 Dinner at \u2018Restaurant B\u00e4rgkristall\u2019,\nF\u00e4l<\/p>\n\n\n\n<h2><strong>WED 10 July<\/strong><\/h2>\n\n\n\n<p><strong> 09:00 field trip \/  excursion <\/strong><\/p>\n\n\n\n<p><strong>8:00-16:00 <\/strong>Alpine\ndeserted habitations in the \u2018Wissy\u2019\nand \u2018Gand\u2019\narea, Binntal<\/p>\n\n\n\n<p>&nbsp;<strong>Meeting point: <\/strong>Parking Binn<\/p>\n\n\n\n<p> Excursion will be organized by C. Heitz &amp; B. Andres<\/p>\n\n\n\n<p>Departure of participants<\/p>\n\n\n\n<p><\/p>\n\n\n\n<h1>Organizing Committee<\/h1>\n\n\n\n<h2 id=\"mce_1\">University of Zurich <br>Department of Archaeology<\/h2>\n\n\n\n<p><a href=\"http:\/\/www.archaeologie.uzh.ch\/de\/prehist\/portrait\/Personen\/Dr.-Ruven-Turck.html\" target=\"_blank\" rel=\"noreferrer noopener\">Dr. Rouven Turck <\/a><\/p>\n\n\n\n<p><a href=\"http:\/\/www.archaeologie.uzh.ch\/de\/prehist\/portrait\/Personen\/dellacasa.html\" target=\"_blank\" rel=\"noreferrer noopener\">Prof. Dr. Philippe Della Casa<\/a><\/p>\n\n\n\n<h2>University of Berne <br>Institute of Archaeological Sciences <\/h2>\n\n\n\n<p><a href=\"http:\/\/www.iaw.unibe.ch\/ueber_uns\/arp_amp_pa_personen\/ma_brunner_mirco\/index_ger.html\">Mirco Brunner <\/a><\/p>\n\n\n\n<p><a href=\"http:\/\/www.iaw.unibe.ch\/ueber_uns\/arp_amp_pa_personen\/lic_phil_heitz_caroline\/index_ger.html\">Dr. des. Caroline Heitz <\/a><\/p>\n\n\n\n<p><a rel=\"noreferrer noopener\" href=\"http:\/\/www.iaw.unibe.ch\/ueber_uns\/arp_amp_pa_personen\/prof_dr_hafner_albert\/index_ger.html\" target=\"_blank\">Prof. Dr. Albert Hafner<\/a><br><\/p>\n\n\n\n<h2 id=\"mce_1\">Partners <\/h2>\n\n\n\n<p><a href=\"https:\/\/www.vs.ch\/web\/sbma\/patrimoine-archeologique\" target=\"_blank\" rel=\"noreferrer noopener\">Arch\u00e9ologie cantonale Valais<\/a><\/p>\n\n\n\n<p><a rel=\"noreferrer noopener\" href=\"https:\/\/www.musees-valais.ch\/musee-histoire\/expositions.html\" target=\"_blank\">Mus\u00e9e <\/a><a rel=\"noreferrer noopener\" class=\"\" href=\"https:\/\/www.musees-valais.ch\/musee-histoire\/expositions.html\" target=\"_blank\">d\u2019histoire<\/a><a rel=\"noreferrer noopener\" class=\"\" href=\"https:\/\/www.musees-valais.ch\/musee-histoire\/expositions.html\" target=\"_blank\"> \u2013 Val\u00e8re, Sion<\/a><\/p>\n","protected":false},"excerpt":{"rendered":"<p>After the first The Swiss Alpine Archaeology Summer School 2018 took place at the Oberhalbstein valley, the Universities of Bern and Zurich are organising the second Summer School 2019 together with the Archaeological Department of the Canton of Valais. The SISA in 2019 will be about Alpine landscapes, geology, mineralogy and ores, copper production, prospection &hellip; <\/p>\n<p class=\"link-more\"><a href=\"https:\/\/sisa.archaeological.science\/index.php\/sisa-2019\/\" class=\"more-link\">Read more<span class=\"screen-reader-text\"> &#8220;SISA 2019&#8221;<\/span><\/a><\/p>\n","protected":false},"author":1,"featured_media":121,"parent":0,"menu_order":0,"comment_status":"closed","ping_status":"closed","template":"","meta":[],"_links":{"self":[{"href":"https:\/\/sisa.archaeological.science\/index.php\/wp-json\/wp\/v2\/pages\/25"}],"collection":[{"href":"https:\/\/sisa.archaeological.science\/index.php\/wp-json\/wp\/v2\/pages"}],"about":[{"href":"https:\/\/sisa.archaeological.science\/index.php\/wp-json\/wp\/v2\/types\/page"}],"author":[{"embeddable":true,"href":"https:\/\/sisa.archaeological.science\/index.php\/wp-json\/wp\/v2\/users\/1"}],"replies":[{"embeddable":true,"href":"https:\/\/sisa.archaeological.science\/index.php\/wp-json\/wp\/v2\/comments?post=25"}],"version-history":[{"count":8,"href":"https:\/\/sisa.archaeological.science\/index.php\/wp-json\/wp\/v2\/pages\/25\/revisions"}],"predecessor-version":[{"id":261,"href":"https:\/\/sisa.archaeological.science\/index.php\/wp-json\/wp\/v2\/pages\/25\/revisions\/261"}],"wp:featuredmedia":[{"embeddable":true,"href":"https:\/\/sisa.archaeological.science\/index.php\/wp-json\/wp\/v2\/media\/121"}],"wp:attachment":[{"href":"https:\/\/sisa.archaeological.science\/index.php\/wp-json\/wp\/v2\/media?parent=25"}],"curies":[{"name":"wp","href":"https:\/\/api.w.org\/{rel}","templated":true}]}}