{"id":31,"date":"2019-01-10T12:09:34","date_gmt":"2019-01-10T12:09:34","guid":{"rendered":"http:\/\/sisa.archaeological.science\/?page_id=31"},"modified":"2026-02-24T06:54:56","modified_gmt":"2026-02-24T06:54:56","slug":"organizing-committee","status":"publish","type":"page","link":"http:\/\/sisa.archaeological.science\/index.php\/organizing-committee\/","title":{"rendered":"Organising Committee"},"content":{"rendered":"\n<h2>Contact Person<\/h2>\n\n\n\n<p>Danae Botsaris, University of Zurich, Institut f\u00fcr Arch\u00e4ologie, Klassische Philologie und Altertumswissenschaften, Prehistoric Archaeology Division<\/p>\n\n\n\n<p><a href=\"mailto:SISA2026@iaka.uzh.ch\">SISA2026@iaka.uzh.ch<\/a><\/p>\n\n\n\n<h2 id=\"mce_1\">University of Zurich <br>Institut f\u00fcr Arch\u00e4ologie, Klassische Philologie und Altertumswissenschaften (IAKA), Prehistoric Archaeology Division<\/h2>\n\n\n\n<p><a href=\"https:\/\/www.archaeologie.uzh.ch\/de\/prehist\/%C3%9Cber-uns\/Personen\/dellacasa.html\" target=\"_blank\" rel=\"noreferrer noopener\">Philippe Della Casa<\/a><\/p>\n\n\n\n<p><a rel=\"noreferrer noopener\" href=\"https:\/\/www.archaeologie.uzh.ch\/de\/prehist\/%C3%9Cber-uns\/Personen\/Dr.-Ruven-Turck.html\" target=\"_blank\">Rouven Turck<\/a><\/p>\n\n\n\n<p><a href=\"https:\/\/www.iaka.uzh.ch\/de\/arch\/prehist\/%C3%9Cber-uns\/Personen\/Dipl.-phil.-Wegm%C3%BCller,-Fabio.html  University of Berne\" data-type=\"URL\" data-id=\"https:\/\/www.iaka.uzh.ch\/de\/arch\/prehist\/%C3%9Cber-uns\/Personen\/Dipl.-phil.-Wegm%C3%BCller,-Fabio.html  University of Berne\">Fabio Wegm\u00fcller<\/a><\/p>\n\n\n\n<p><a href=\"https:\/\/www.iaka.uzh.ch\/de\/arch\/prehist\/%C3%9Cber-uns\/Personen\/Julia-Sch%C3%B6nicke,-MA.html\" data-type=\"URL\" data-id=\"https:\/\/www.iaka.uzh.ch\/de\/arch\/prehist\/%C3%9Cber-uns\/Personen\/Julia-Sch%C3%B6nicke,-MA.html\">Julia Sch\u00f6nicke<\/a><\/p>\n\n\n\n<h2><g class=\"gr_ gr_3 gr-alert gr_gramm gr_inline_cards gr_run_anim Grammar only-ins replaceWithoutSep\" id=\"3\" data-gr-id=\"3\">University<\/g> of Berne <br>Institute of Archaeological Sciences<\/h2>\n\n\n\n<p><a rel=\"noreferrer noopener\" href=\"https:\/\/www.iaw.unibe.ch\/about_us\/arp__pa_personen\/dr_heitz_caroline\/index_eng.html\" data-type=\"URL\" data-id=\"https:\/\/www.iaw.unibe.ch\/about_us\/arp__pa_personen\/dr_heitz_caroline\/index_eng.html\" target=\"_blank\">Caroline Heitz<\/a><\/p>\n\n\n\n<p><a href=\"https:\/\/www.iaw.unibe.ch\/ueber_uns\/arp__pa_personen\/dr_brunner_mirco\/index_ger.html\">Mirco Brunner<\/a><\/p>\n\n\n\n<p><\/p>\n\n\n\n<h2 id=\"mce_1\">Kulturmuseum St. Gallen<\/h2>\n\n\n\n<p><a href=\"https:\/\/kulturmuseumsg.ch\/team.php\" data-type=\"URL\" data-id=\"https:\/\/kulturmuseumsg.ch\/team.php\">Peter Fux<\/a><\/p>\n\n\n\n<p><a href=\"https:\/\/kulturmuseumsg.ch\/team.php\" data-type=\"URL\" data-id=\"https:\/\/kulturmuseumsg.ch\/team.php\">Leandra Reitmaier-Naef<\/a><\/p>\n\n\n\n<h2 id=\"mce_1\">Partners<\/h2>\n\n\n\n<p><a href=\"https:\/\/naturmuseumsg.ch\/\" data-type=\"URL\" data-id=\"https:\/\/naturmuseumsg.ch\/\">Naturmuseum St. Gallen<\/a><\/p>\n\n\n\n<p><a href=\"https:\/\/www.mammutmuseum.ch\/\" data-type=\"URL\" data-id=\"https:\/\/www.mammutmuseum.ch\/\">Mammutmuseum Niederweningen<\/a><\/p>\n\n\n\n<p><a href=\"https:\/\/latenium.ch\/de\/\">Lat\u00e9nium \u2013 Parc et mus\u00e9e d&#8217;arch\u00e9ologie de Neuch\u00e2tel<\/a><\/p>\n\n\n\n<h2>Website<\/h2>\n\n\n\n<p>Danae Botsaris, University of Zurich<\/p>\n\n\n\n<p><a href=\"mailto:SISA2026@iaka.uzh.ch\">SISA2026@iaka.uzh.ch<\/a><\/p>\n\n\n\n<p>Rouven Turck, Univerity of Zurich<\/p>\n\n\n\n<p><a href=\"mailto:rouven.turck@uzh.ch\">rouven.turck@uzh.ch<\/a><\/p>\n\n\n\n<p>Mirco Brunner, University of Bern<\/p>\n\n\n\n<p><a href=\"mailto:mirco.brunner@unibe.ch\">mirco.brunner@unibe.ch<\/a><\/p>\n\n\n\n<p>Martin Hinz, University of Kiel<\/p>\n\n\n\n<p><a href=\"mailto:martin.hinz@ufg.uni-kiel.de\">martin.hinz@ufg.uni-kiel.de<\/a><\/p>\n\n\n\n<h2><strong>Sponsors<\/strong><\/h2>\n\n\n\n<figure class=\"wp-block-image size-large is-resized\"><img decoding=\"async\" loading=\"lazy\" src=\"http:\/\/sisa.archaeological.science\/wp-content\/uploads\/2019\/01\/uzh_logo_d_pos_2000-1024x346.png\" alt=\"\" class=\"wp-image-100\" width=\"422\" height=\"142\" srcset=\"http:\/\/sisa.archaeological.science\/wp-content\/uploads\/2019\/01\/uzh_logo_d_pos_2000-1024x346.png 1024w, http:\/\/sisa.archaeological.science\/wp-content\/uploads\/2019\/01\/uzh_logo_d_pos_2000-300x101.png 300w, http:\/\/sisa.archaeological.science\/wp-content\/uploads\/2019\/01\/uzh_logo_d_pos_2000-768x260.png 768w, http:\/\/sisa.archaeological.science\/wp-content\/uploads\/2019\/01\/uzh_logo_d_pos_2000-1200x406.png 1200w, http:\/\/sisa.archaeological.science\/wp-content\/uploads\/2019\/01\/uzh_logo_d_pos_2000-600x203.png 600w, http:\/\/sisa.archaeological.science\/wp-content\/uploads\/2019\/01\/uzh_logo_d_pos_2000.png 2000w\" sizes=\"(max-width: 422px) 100vw, 422px\" \/><\/figure>\n\n\n\n<figure class=\"wp-block-image size-full is-resized\"><img decoding=\"async\" loading=\"lazy\" src=\"https:\/\/sisa.archaeological.science\/wp-content\/uploads\/2026\/02\/Logo_UniBern-Kopie-6.png\" alt=\"\" class=\"wp-image-823\" width=\"303\" height=\"236\" srcset=\"http:\/\/sisa.archaeological.science\/wp-content\/uploads\/2026\/02\/Logo_UniBern-Kopie-6.png 1024w, http:\/\/sisa.archaeological.science\/wp-content\/uploads\/2026\/02\/Logo_UniBern-Kopie-6-300x234.png 300w\" sizes=\"(max-width: 303px) 100vw, 303px\" \/><\/figure>\n","protected":false},"excerpt":{"rendered":"<p>Contact Person Danae Botsaris, University of Zurich, Institut f\u00fcr Arch\u00e4ologie, Klassische Philologie und Altertumswissenschaften, Prehistoric Archaeology Division SISA2026@iaka.uzh.ch University of Zurich Institut f\u00fcr Arch\u00e4ologie, Klassische Philologie und Altertumswissenschaften (IAKA), Prehistoric Archaeology Division Philippe Della Casa Rouven Turck Fabio Wegm\u00fcller Julia Sch\u00f6nicke University of Berne Institute of Archaeological Sciences Caroline Heitz Mirco Brunner Kulturmuseum St. Gallen &hellip; <\/p>\n<p class=\"link-more\"><a href=\"http:\/\/sisa.archaeological.science\/index.php\/organizing-committee\/\" class=\"more-link\">Read more<span class=\"screen-reader-text\"> &#8220;Organising Committee&#8221;<\/span><\/a><\/p>\n","protected":false},"author":1,"featured_media":0,"parent":0,"menu_order":0,"comment_status":"closed","ping_status":"closed","template":"","meta":[],"_links":{"self":[{"href":"http:\/\/sisa.archaeological.science\/index.php\/wp-json\/wp\/v2\/pages\/31"}],"collection":[{"href":"http:\/\/sisa.archaeological.science\/index.php\/wp-json\/wp\/v2\/pages"}],"about":[{"href":"http:\/\/sisa.archaeological.science\/index.php\/wp-json\/wp\/v2\/types\/page"}],"author":[{"embeddable":true,"href":"http:\/\/sisa.archaeological.science\/index.php\/wp-json\/wp\/v2\/users\/1"}],"replies":[{"embeddable":true,"href":"http:\/\/sisa.archaeological.science\/index.php\/wp-json\/wp\/v2\/comments?post=31"}],"version-history":[{"count":45,"href":"http:\/\/sisa.archaeological.science\/index.php\/wp-json\/wp\/v2\/pages\/31\/revisions"}],"predecessor-version":[{"id":851,"href":"http:\/\/sisa.archaeological.science\/index.php\/wp-json\/wp\/v2\/pages\/31\/revisions\/851"}],"wp:attachment":[{"href":"http:\/\/sisa.archaeological.science\/index.php\/wp-json\/wp\/v2\/media?parent=31"}],"curies":[{"name":"wp","href":"https:\/\/api.w.org\/{rel}","templated":true}]}}